{"id":160,"date":"2025-07-09T06:40:03","date_gmt":"2025-07-09T04:40:03","guid":{"rendered":"https:\/\/shop.s-sal.net\/?post_type=product&#038;p=160"},"modified":"2025-07-09T06:40:03","modified_gmt":"2025-07-09T04:40:03","slug":"sal-unternehmensgruppe-tasse","status":"publish","type":"product","link":"https:\/\/shop.s-sal.de\/?product=sal-unternehmensgruppe-tasse","title":{"rendered":"SAL unternehmensgruppe &#8211; Tasse"},"content":{"rendered":"<p>Werbe Produkt Unseres Unternehmens<\/p>\n<p> Die Tasse f\u00fcr alle F\u00e4lle. Robust, griffig und formsch\u00f6n auf dem Fr\u00fchst\u00fcckstisch, im B\u00fcro und \u00fcberall wo Du gern hei\u00dfen Kaffee, kalte Milch oder Deinen Feierabendtee trinkst.<\/p>\n<ul class=\"listMCE\">\n<li>\nSp\u00fclmaschinengeeignet\n<\/li>\n<li>\nKratzfester und UV-best\u00e4ndiger Druck\n<\/li>\n<li>\nFassungsverm\u00f6gen: 325 ml\n<\/li>\n<li>\nMaterial: Keramik\n<\/li>\n<\/ul>\n<p>Tipp: Von Hand sp\u00fclen verl\u00e4ngert die Haltbarkeit des Drucks. <\/p>\n<div class=\"size-table \">\n<div class=\"size-image-wrapper\"><img decoding=\"async\" src=\"https:\/\/image.spreadshirtmedia.net\/image-server\/v1\/productTypes\/31\/variants\/size?width=200&amp;height=200\" width=\"200\" height=\"200\" alt=\"Tasse\" \/><\/p>\n<div class=\"size-hint\">normal<\/div>\n<\/div>\n<div class=\"size-table-wrapper\">\n<table>\n<thead>\n<tr>\n<th><\/th>\n<th class=\"measure-name\">A<\/th>\n<th class=\"measure-name\">B<\/th>\n<\/tr>\n<\/thead>\n<tbody>\n<tr class=\"size size-29\">\n<td class=\"size-cell\">One size<\/td>\n<td class=\"measure-cell measure-cell-0\">3,74 inch<\/td>\n<td class=\"measure-cell measure-cell-1\">10,24 inch<\/td>\n<\/tr>\n<\/tbody>\n<\/table>\n<\/div>\n<\/div>\n","protected":false},"excerpt":{"rendered":"<p>Werbe Produkt Unseres Unternehmens Die Tasse f\u00fcr alle F\u00e4lle. Robust, griffig und formsch\u00f6n auf dem Fr\u00fchst\u00fcckstisch, im B\u00fcro und \u00fcberall wo Du gern hei\u00dfen Kaffee, kalte Milch oder Deinen Feierabendtee trinkst. Sp\u00fclmaschinengeeignet Kratzfester und UV-best\u00e4ndiger Druck Fassungsverm\u00f6gen: 325 ml Material: Keramik Tipp: Von Hand sp\u00fclen verl\u00e4ngert die Haltbarkeit des Drucks. normal A B One size&#8230;<\/p>\n","protected":false},"featured_media":157,"comment_status":"open","ping_status":"closed","template":"","meta":{"_kad_post_transparent":"","_kad_post_title":"","_kad_post_layout":"","_kad_post_sidebar_id":"","_kad_post_content_style":"","_kad_post_vertical_padding":"","_kad_post_feature":"","_kad_post_feature_position":"","_kad_post_header":false,"_kad_post_footer":false,"_kad_post_classname":""},"product_brand":[35],"product_cat":[41,17],"product_tag":[],"class_list":{"0":"post-160","1":"product","2":"type-product","3":"status-publish","4":"has-post-thumbnail","6":"product_brand-sal-unternehmensgruppe","7":"product_cat-sal-unternehmensgruppe","8":"product_cat-unkategorisiert","10":"first","11":"instock","12":"taxable","13":"shipping-taxable","14":"purchasable","15":"product-type-simple","16":"entry","17":"content-bg","18":"loop-entry"},"yoast_head":"<!-- This site is optimized with the Yoast SEO plugin v27.5 - https:\/\/yoast.com\/product\/yoast-seo-wordpress\/ -->\n<title>SAL unternehmensgruppe - Tasse - SAL Shop<\/title>\n<meta name=\"robots\" content=\"index, follow, max-snippet:-1, max-image-preview:large, max-video-preview:-1\" \/>\n<link rel=\"canonical\" href=\"https:\/\/shop.s-sal.de\/?product=sal-unternehmensgruppe-tasse\" \/>\n<meta property=\"og:locale\" content=\"de_DE\" \/>\n<meta property=\"og:type\" content=\"article\" \/>\n<meta property=\"og:title\" content=\"SAL unternehmensgruppe - Tasse - SAL Shop\" \/>\n<meta property=\"og:description\" content=\"Werbe Produkt Unseres Unternehmens Die Tasse f\u00fcr alle F\u00e4lle. Robust, griffig und formsch\u00f6n auf dem Fr\u00fchst\u00fcckstisch, im B\u00fcro und \u00fcberall wo Du gern hei\u00dfen Kaffee, kalte Milch oder Deinen Feierabendtee trinkst. Sp\u00fclmaschinengeeignet Kratzfester und UV-best\u00e4ndiger Druck Fassungsverm\u00f6gen: 325 ml Material: Keramik Tipp: Von Hand sp\u00fclen verl\u00e4ngert die Haltbarkeit des Drucks. normal A B One size...\" \/>\n<meta property=\"og:url\" content=\"https:\/\/shop.s-sal.de\/?product=sal-unternehmensgruppe-tasse\" \/>\n<meta property=\"og:site_name\" content=\"SAL Shop\" \/>\n<meta property=\"og:image\" content=\"https:\/\/shop.s-sal.de\/wp-content\/uploads\/sites\/7\/2025\/07\/1-11.png\" \/>\n\t<meta property=\"og:image:width\" content=\"1000\" \/>\n\t<meta property=\"og:image:height\" content=\"1000\" \/>\n\t<meta property=\"og:image:type\" content=\"image\/png\" \/>\n<meta name=\"twitter:card\" content=\"summary_large_image\" \/>\n<script type=\"application\/ld+json\" class=\"yoast-schema-graph\">{\"@context\":\"https:\\\/\\\/schema.org\",\"@graph\":[{\"@type\":\"WebPage\",\"@id\":\"https:\\\/\\\/shop.s-sal.de\\\/?product=sal-unternehmensgruppe-tasse\",\"url\":\"https:\\\/\\\/shop.s-sal.de\\\/?product=sal-unternehmensgruppe-tasse\",\"name\":\"SAL unternehmensgruppe - Tasse - SAL Shop\",\"isPartOf\":{\"@id\":\"https:\\\/\\\/shop.s-sal.de\\\/#website\"},\"primaryImageOfPage\":{\"@id\":\"https:\\\/\\\/shop.s-sal.de\\\/?product=sal-unternehmensgruppe-tasse#primaryimage\"},\"image\":{\"@id\":\"https:\\\/\\\/shop.s-sal.de\\\/?product=sal-unternehmensgruppe-tasse#primaryimage\"},\"thumbnailUrl\":\"https:\\\/\\\/shop.s-sal.de\\\/wp-content\\\/uploads\\\/sites\\\/7\\\/2025\\\/07\\\/1-11.png\",\"datePublished\":\"2025-07-09T04:40:03+00:00\",\"breadcrumb\":{\"@id\":\"https:\\\/\\\/shop.s-sal.de\\\/?product=sal-unternehmensgruppe-tasse#breadcrumb\"},\"inLanguage\":\"de\",\"potentialAction\":[{\"@type\":\"ReadAction\",\"target\":[\"https:\\\/\\\/shop.s-sal.de\\\/?product=sal-unternehmensgruppe-tasse\"]}]},{\"@type\":\"ImageObject\",\"inLanguage\":\"de\",\"@id\":\"https:\\\/\\\/shop.s-sal.de\\\/?product=sal-unternehmensgruppe-tasse#primaryimage\",\"url\":\"https:\\\/\\\/shop.s-sal.de\\\/wp-content\\\/uploads\\\/sites\\\/7\\\/2025\\\/07\\\/1-11.png\",\"contentUrl\":\"https:\\\/\\\/shop.s-sal.de\\\/wp-content\\\/uploads\\\/sites\\\/7\\\/2025\\\/07\\\/1-11.png\",\"width\":1000,\"height\":1000},{\"@type\":\"BreadcrumbList\",\"@id\":\"https:\\\/\\\/shop.s-sal.de\\\/?product=sal-unternehmensgruppe-tasse#breadcrumb\",\"itemListElement\":[{\"@type\":\"ListItem\",\"position\":1,\"name\":\"Startseite\",\"item\":\"https:\\\/\\\/shop.s-sal.de\\\/\"},{\"@type\":\"ListItem\",\"position\":2,\"name\":\"Shop\",\"item\":\"https:\\\/\\\/shop.s-sal.de\\\/\"},{\"@type\":\"ListItem\",\"position\":3,\"name\":\"SAL unternehmensgruppe &#8211; Tasse\"}]},{\"@type\":\"WebSite\",\"@id\":\"https:\\\/\\\/shop.s-sal.de\\\/#website\",\"url\":\"https:\\\/\\\/shop.s-sal.de\\\/\",\"name\":\"SAL Shop\",\"description\":\"Der Offiziele Shop der Sal Unternehmensgruppe\",\"publisher\":{\"@id\":\"https:\\\/\\\/shop.s-sal.de\\\/#organization\"},\"potentialAction\":[{\"@type\":\"SearchAction\",\"target\":{\"@type\":\"EntryPoint\",\"urlTemplate\":\"https:\\\/\\\/shop.s-sal.de\\\/?s={search_term_string}\"},\"query-input\":{\"@type\":\"PropertyValueSpecification\",\"valueRequired\":true,\"valueName\":\"search_term_string\"}}],\"inLanguage\":\"de\"},{\"@type\":\"Organization\",\"@id\":\"https:\\\/\\\/shop.s-sal.de\\\/#organization\",\"name\":\"SAL Shop\",\"url\":\"https:\\\/\\\/shop.s-sal.de\\\/\",\"logo\":{\"@type\":\"ImageObject\",\"inLanguage\":\"de\",\"@id\":\"https:\\\/\\\/shop.s-sal.de\\\/#\\\/schema\\\/logo\\\/image\\\/\",\"url\":\"https:\\\/\\\/shop.s-sal.de\\\/wp-content\\\/uploads\\\/sites\\\/7\\\/2025\\\/07\\\/cropped-cropped-sal-shop-logo.png\",\"contentUrl\":\"https:\\\/\\\/shop.s-sal.de\\\/wp-content\\\/uploads\\\/sites\\\/7\\\/2025\\\/07\\\/cropped-cropped-sal-shop-logo.png\",\"width\":511,\"height\":511,\"caption\":\"SAL Shop\"},\"image\":{\"@id\":\"https:\\\/\\\/shop.s-sal.de\\\/#\\\/schema\\\/logo\\\/image\\\/\"}}]}<\/script>\n<!-- \/ Yoast SEO plugin. -->","yoast_head_json":{"title":"SAL unternehmensgruppe - Tasse - SAL Shop","robots":{"index":"index","follow":"follow","max-snippet":"max-snippet:-1","max-image-preview":"max-image-preview:large","max-video-preview":"max-video-preview:-1"},"canonical":"https:\/\/shop.s-sal.de\/?product=sal-unternehmensgruppe-tasse","og_locale":"de_DE","og_type":"article","og_title":"SAL unternehmensgruppe - Tasse - SAL Shop","og_description":"Werbe Produkt Unseres Unternehmens Die Tasse f\u00fcr alle F\u00e4lle. Robust, griffig und formsch\u00f6n auf dem Fr\u00fchst\u00fcckstisch, im B\u00fcro und \u00fcberall wo Du gern hei\u00dfen Kaffee, kalte Milch oder Deinen Feierabendtee trinkst. Sp\u00fclmaschinengeeignet Kratzfester und UV-best\u00e4ndiger Druck Fassungsverm\u00f6gen: 325 ml Material: Keramik Tipp: Von Hand sp\u00fclen verl\u00e4ngert die Haltbarkeit des Drucks. normal A B One size...","og_url":"https:\/\/shop.s-sal.de\/?product=sal-unternehmensgruppe-tasse","og_site_name":"SAL Shop","og_image":[{"width":1000,"height":1000,"url":"https:\/\/shop.s-sal.de\/wp-content\/uploads\/sites\/7\/2025\/07\/1-11.png","type":"image\/png"}],"twitter_card":"summary_large_image","schema":{"@context":"https:\/\/schema.org","@graph":[{"@type":"WebPage","@id":"https:\/\/shop.s-sal.de\/?product=sal-unternehmensgruppe-tasse","url":"https:\/\/shop.s-sal.de\/?product=sal-unternehmensgruppe-tasse","name":"SAL unternehmensgruppe - Tasse - SAL Shop","isPartOf":{"@id":"https:\/\/shop.s-sal.de\/#website"},"primaryImageOfPage":{"@id":"https:\/\/shop.s-sal.de\/?product=sal-unternehmensgruppe-tasse#primaryimage"},"image":{"@id":"https:\/\/shop.s-sal.de\/?product=sal-unternehmensgruppe-tasse#primaryimage"},"thumbnailUrl":"https:\/\/shop.s-sal.de\/wp-content\/uploads\/sites\/7\/2025\/07\/1-11.png","datePublished":"2025-07-09T04:40:03+00:00","breadcrumb":{"@id":"https:\/\/shop.s-sal.de\/?product=sal-unternehmensgruppe-tasse#breadcrumb"},"inLanguage":"de","potentialAction":[{"@type":"ReadAction","target":["https:\/\/shop.s-sal.de\/?product=sal-unternehmensgruppe-tasse"]}]},{"@type":"ImageObject","inLanguage":"de","@id":"https:\/\/shop.s-sal.de\/?product=sal-unternehmensgruppe-tasse#primaryimage","url":"https:\/\/shop.s-sal.de\/wp-content\/uploads\/sites\/7\/2025\/07\/1-11.png","contentUrl":"https:\/\/shop.s-sal.de\/wp-content\/uploads\/sites\/7\/2025\/07\/1-11.png","width":1000,"height":1000},{"@type":"BreadcrumbList","@id":"https:\/\/shop.s-sal.de\/?product=sal-unternehmensgruppe-tasse#breadcrumb","itemListElement":[{"@type":"ListItem","position":1,"name":"Startseite","item":"https:\/\/shop.s-sal.de\/"},{"@type":"ListItem","position":2,"name":"Shop","item":"https:\/\/shop.s-sal.de\/"},{"@type":"ListItem","position":3,"name":"SAL unternehmensgruppe &#8211; Tasse"}]},{"@type":"WebSite","@id":"https:\/\/shop.s-sal.de\/#website","url":"https:\/\/shop.s-sal.de\/","name":"SAL Shop","description":"Der Offiziele Shop der Sal Unternehmensgruppe","publisher":{"@id":"https:\/\/shop.s-sal.de\/#organization"},"potentialAction":[{"@type":"SearchAction","target":{"@type":"EntryPoint","urlTemplate":"https:\/\/shop.s-sal.de\/?s={search_term_string}"},"query-input":{"@type":"PropertyValueSpecification","valueRequired":true,"valueName":"search_term_string"}}],"inLanguage":"de"},{"@type":"Organization","@id":"https:\/\/shop.s-sal.de\/#organization","name":"SAL Shop","url":"https:\/\/shop.s-sal.de\/","logo":{"@type":"ImageObject","inLanguage":"de","@id":"https:\/\/shop.s-sal.de\/#\/schema\/logo\/image\/","url":"https:\/\/shop.s-sal.de\/wp-content\/uploads\/sites\/7\/2025\/07\/cropped-cropped-sal-shop-logo.png","contentUrl":"https:\/\/shop.s-sal.de\/wp-content\/uploads\/sites\/7\/2025\/07\/cropped-cropped-sal-shop-logo.png","width":511,"height":511,"caption":"SAL Shop"},"image":{"@id":"https:\/\/shop.s-sal.de\/#\/schema\/logo\/image\/"}}]}},"jetpack_sharing_enabled":true,"_links":{"self":[{"href":"https:\/\/shop.s-sal.de\/index.php?rest_route=\/wp\/v2\/product\/160","targetHints":{"allow":["GET"]}}],"collection":[{"href":"https:\/\/shop.s-sal.de\/index.php?rest_route=\/wp\/v2\/product"}],"about":[{"href":"https:\/\/shop.s-sal.de\/index.php?rest_route=\/wp\/v2\/types\/product"}],"replies":[{"embeddable":true,"href":"https:\/\/shop.s-sal.de\/index.php?rest_route=%2Fwp%2Fv2%2Fcomments&post=160"}],"wp:featuredmedia":[{"embeddable":true,"href":"https:\/\/shop.s-sal.de\/index.php?rest_route=\/wp\/v2\/media\/157"}],"wp:attachment":[{"href":"https:\/\/shop.s-sal.de\/index.php?rest_route=%2Fwp%2Fv2%2Fmedia&parent=160"}],"wp:term":[{"taxonomy":"product_brand","embeddable":true,"href":"https:\/\/shop.s-sal.de\/index.php?rest_route=%2Fwp%2Fv2%2Fproduct_brand&post=160"},{"taxonomy":"product_cat","embeddable":true,"href":"https:\/\/shop.s-sal.de\/index.php?rest_route=%2Fwp%2Fv2%2Fproduct_cat&post=160"},{"taxonomy":"product_tag","embeddable":true,"href":"https:\/\/shop.s-sal.de\/index.php?rest_route=%2Fwp%2Fv2%2Fproduct_tag&post=160"}],"curies":[{"name":"wp","href":"https:\/\/api.w.org\/{rel}","templated":true}]}}

<p>Werbe Produkt Unseres Unternehmens</p>
<p> Die Tasse für alle Fälle. Robust, griffig und formschön auf dem Frühstückstisch, im Büro und überall wo Du gern heißen Kaffee, kalte Milch oder Deinen Feierabendtee trinkst.</p>
<ul class="listMCE">
<li>
Spülmaschinengeeignet
</li>
<li>
Kratzfester und UV-beständiger Druck
</li>
<li>
Fassungsvermögen: 325 ml
</li>
<li>
Material: Keramik
</li>
</ul>
<p>Tipp: Von Hand spülen verlängert die Haltbarkeit des Drucks. </p>
<div class="size-table ">
<div class="size-image-wrapper"><img decoding="async" src="https://image.spreadshirtmedia.net/image-server/v1/productTypes/31/variants/size?width=200&amp;height=200" width="200" height="200" alt="Tasse" /></p>
<div class="size-hint">normal</div>
</div>
<div class="size-table-wrapper">
<table>
<thead>
<tr>
<th></th>
<th class="measure-name">A</th>
<th class="measure-name">B</th>
</tr>
</thead>
<tbody>
<tr class="size size-29">
<td class="size-cell">One size</td>
<td class="measure-cell measure-cell-0">3,74 inch</td>
<td class="measure-cell measure-cell-1">10,24 inch</td>
</tr>
</tbody>
</table>
</div>
</div>

<p>Werbe Produkt Unseres Unternehmens Die Tasse für alle Fälle. Robust, griffig und formschön auf dem Frühstückstisch, im Büro und überall wo Du gern heißen Kaffee, kalte Milch oder Deinen Feierabendtee trinkst. Spülmaschinengeeignet Kratzfester und UV-beständiger Druck Fassungsvermögen: 325 ml Material: Keramik Tipp: Von Hand spülen verlängert die Haltbarkeit des Drucks. normal A B One size&#8230;</p>

<!-- This site is optimized with the Yoast SEO plugin v27.5 - https://yoast.com/product/yoast-seo-wordpress/ -->
<title>SAL unternehmensgruppe - Tasse - SAL Shop</title>
<meta name="robots" content="index, follow, max-snippet:-1, max-image-preview:large, max-video-preview:-1" />
<link rel="canonical" href="https://shop.s-sal.de/?product=sal-unternehmensgruppe-tasse" />
<meta property="og:locale" content="de_DE" />
<meta property="og:type" content="article" />
<meta property="og:title" content="SAL unternehmensgruppe - Tasse - SAL Shop" />
<meta property="og:description" content="Werbe Produkt Unseres Unternehmens Die Tasse für alle Fälle. Robust, griffig und formschön auf dem Frühstückstisch, im Büro und überall wo Du gern heißen Kaffee, kalte Milch oder Deinen Feierabendtee trinkst. Spülmaschinengeeignet Kratzfester und UV-beständiger Druck Fassungsvermögen: 325 ml Material: Keramik Tipp: Von Hand spülen verlängert die Haltbarkeit des Drucks. normal A B One size..." />
<meta property="og:url" content="https://shop.s-sal.de/?product=sal-unternehmensgruppe-tasse" />
<meta property="og:site_name" content="SAL Shop" />
<meta property="og:image" content="https://shop.s-sal.de/wp-content/uploads/sites/7/2025/07/1-11.png" />
	<meta property="og:image:width" content="1000" />
	<meta property="og:image:height" content="1000" />
	<meta property="og:image:type" content="image/png" />
<meta name="twitter:card" content="summary_large_image" />
<script type="application/ld+json" class="yoast-schema-graph">{"@context":"https:\/\/schema.org","@graph":[{"@type":"WebPage","@id":"https:\/\/shop.s-sal.de\/?product=sal-unternehmensgruppe-tasse","url":"https:\/\/shop.s-sal.de\/?product=sal-unternehmensgruppe-tasse","name":"SAL unternehmensgruppe - Tasse - SAL Shop","isPartOf":{"@id":"https:\/\/shop.s-sal.de\/#website"},"primaryImageOfPage":{"@id":"https:\/\/shop.s-sal.de\/?product=sal-unternehmensgruppe-tasse#primaryimage"},"image":{"@id":"https:\/\/shop.s-sal.de\/?product=sal-unternehmensgruppe-tasse#primaryimage"},"thumbnailUrl":"https:\/\/shop.s-sal.de\/wp-content\/uploads\/sites\/7\/2025\/07\/1-11.png","datePublished":"2025-07-09T04:40:03+00:00","breadcrumb":{"@id":"https:\/\/shop.s-sal.de\/?product=sal-unternehmensgruppe-tasse#breadcrumb"},"inLanguage":"de","potentialAction":[{"@type":"ReadAction","target":["https:\/\/shop.s-sal.de\/?product=sal-unternehmensgruppe-tasse"]}]},{"@type":"ImageObject","inLanguage":"de","@id":"https:\/\/shop.s-sal.de\/?product=sal-unternehmensgruppe-tasse#primaryimage","url":"https:\/\/shop.s-sal.de\/wp-content\/uploads\/sites\/7\/2025\/07\/1-11.png","contentUrl":"https:\/\/shop.s-sal.de\/wp-content\/uploads\/sites\/7\/2025\/07\/1-11.png","width":1000,"height":1000},{"@type":"BreadcrumbList","@id":"https:\/\/shop.s-sal.de\/?product=sal-unternehmensgruppe-tasse#breadcrumb","itemListElement":[{"@type":"ListItem","position":1,"name":"Startseite","item":"https:\/\/shop.s-sal.de\/"},{"@type":"ListItem","position":2,"name":"Shop","item":"https:\/\/shop.s-sal.de\/"},{"@type":"ListItem","position":3,"name":"SAL unternehmensgruppe &#8211; Tasse"}]},{"@type":"WebSite","@id":"https:\/\/shop.s-sal.de\/#website","url":"https:\/\/shop.s-sal.de\/","name":"SAL Shop","description":"Der Offiziele Shop der Sal Unternehmensgruppe","publisher":{"@id":"https:\/\/shop.s-sal.de\/#organization"},"potentialAction":[{"@type":"SearchAction","target":{"@type":"EntryPoint","urlTemplate":"https:\/\/shop.s-sal.de\/?s={search_term_string}"},"query-input":{"@type":"PropertyValueSpecification","valueRequired":true,"valueName":"search_term_string"}}],"inLanguage":"de"},{"@type":"Organization","@id":"https:\/\/shop.s-sal.de\/#organization","name":"SAL Shop","url":"https:\/\/shop.s-sal.de\/","logo":{"@type":"ImageObject","inLanguage":"de","@id":"https:\/\/shop.s-sal.de\/#\/schema\/logo\/image\/","url":"https:\/\/shop.s-sal.de\/wp-content\/uploads\/sites\/7\/2025\/07\/cropped-cropped-sal-shop-logo.png","contentUrl":"https:\/\/shop.s-sal.de\/wp-content\/uploads\/sites\/7\/2025\/07\/cropped-cropped-sal-shop-logo.png","width":511,"height":511,"caption":"SAL Shop"},"image":{"@id":"https:\/\/shop.s-sal.de\/#\/schema\/logo\/image\/"}}]}</script>
<!-- / Yoast SEO plugin. -->

Werbe Produkt Unseres Unternehmens Die Tasse für alle Fälle. Robust, griffig und formschön auf dem Frühstückstisch, im Büro und überall wo Du gern heißen Kaffee, kalte Milch oder Deinen Feierabendtee trinkst. Spülmaschinengeeignet Kratzfester und UV-beständiger Druck Fassungsvermögen: 325 ml Material: Keramik Tipp: Von Hand spülen verlängert die Haltbarkeit des Drucks. normal A B One size...
