{"id":146,"date":"2025-07-09T06:40:03","date_gmt":"2025-07-09T04:40:03","guid":{"rendered":"https:\/\/shop.s-sal.net\/?post_type=product&#038;p=146"},"modified":"2025-07-09T06:40:03","modified_gmt":"2025-07-09T04:40:03","slug":"sal-unternehmensgruppe-brotdose","status":"publish","type":"product","link":"https:\/\/shop.s-sal.de\/?product=sal-unternehmensgruppe-brotdose","title":{"rendered":"SAL Unternehmensgruppe &#8211; Brotdose"},"content":{"rendered":"<p>Werbe Produkt des Unternehmens<\/p>\n<p> Der sch\u00f6nste Moment des Schultages? Nat\u00fcrlich das Pausenfr\u00fchst\u00fcck! In dieser lebensmittelechten Box bleiben die belegten Brote besonders lange frisch. Die Brotdose passt in jede Tasche \u2013 ob Ranzen, Turnbeutel oder Wanderrucksack \u2013 und ist in verschiedenen Farben verf\u00fcgbar.<br \/>\nTipp: Von Hand sp\u00fclen verl\u00e4ngert die Haltbarkeit des Drucks.<\/p>\n<ul class=\"listMCE\">\n<li>Aus kratz- und bruchfestem Kunststoff<\/li>\n<li>Leicht zu bedienender, sicherer Doppelverschluss<\/li>\n<li>Ma\u00dfe: 185 x 128 x 65 mm<\/li>\n<li>Lebensmittelecht nach Verordnung EG Nr. 1935\/2004 und EU Nr. 10\/2011<\/li>\n<li>Material: Kunststoff, Aluminium<\/li>\n<li>BPA-frei<\/li>\n<\/ul>\n<div class=\"size-table \">\n<div class=\"size-image-wrapper\"><img decoding=\"async\" src=\"https:\/\/image.spreadshirtmedia.net\/image-server\/v1\/productTypes\/1435\/variants\/size?width=200&amp;height=200\" width=\"200\" height=\"200\" alt=\"Brotdose\" \/><\/p>\n<div class=\"size-hint\">normal<\/div>\n<\/div>\n<div class=\"size-table-wrapper\">\n<table>\n<thead>\n<tr>\n<th><\/th>\n<th class=\"measure-name\">A<\/th>\n<th class=\"measure-name\">B<\/th>\n<th class=\"measure-name\">C<\/th>\n<\/tr>\n<\/thead>\n<tbody>\n<tr class=\"size size-29\">\n<td class=\"size-cell\">One size<\/td>\n<td class=\"measure-cell measure-cell-0\">5,04 inch<\/td>\n<td class=\"measure-cell measure-cell-1\">7,28 inch<\/td>\n<td class=\"measure-cell measure-cell-2\">2,56 inch<\/td>\n<\/tr>\n<\/tbody>\n<\/table>\n<\/div>\n<\/div>\n","protected":false},"excerpt":{"rendered":"<p>Werbe Produkt des Unternehmens Der sch\u00f6nste Moment des Schultages? Nat\u00fcrlich das Pausenfr\u00fchst\u00fcck! In dieser lebensmittelechten Box bleiben die belegten Brote besonders lange frisch. Die Brotdose passt in jede Tasche \u2013 ob Ranzen, Turnbeutel oder Wanderrucksack \u2013 und ist in verschiedenen Farben verf\u00fcgbar. Tipp: Von Hand sp\u00fclen verl\u00e4ngert die Haltbarkeit des Drucks. Aus kratz- und bruchfestem&#8230;<\/p>\n","protected":false},"featured_media":145,"comment_status":"open","ping_status":"closed","template":"","meta":{"_kad_post_transparent":"","_kad_post_title":"","_kad_post_layout":"","_kad_post_sidebar_id":"","_kad_post_content_style":"","_kad_post_vertical_padding":"","_kad_post_feature":"","_kad_post_feature_position":"","_kad_post_header":false,"_kad_post_footer":false,"_kad_post_classname":""},"product_brand":[35],"product_cat":[41,17],"product_tag":[],"class_list":{"0":"post-146","1":"product","2":"type-product","3":"status-publish","4":"has-post-thumbnail","6":"product_brand-sal-unternehmensgruppe","7":"product_cat-sal-unternehmensgruppe","8":"product_cat-unkategorisiert","10":"first","11":"instock","12":"taxable","13":"shipping-taxable","14":"purchasable","15":"product-type-variable","16":"entry","17":"content-bg","18":"loop-entry"},"yoast_head":"<!-- This site is optimized with the Yoast SEO plugin v27.5 - https:\/\/yoast.com\/product\/yoast-seo-wordpress\/ -->\n<title>SAL Unternehmensgruppe - Brotdose - SAL Shop<\/title>\n<meta name=\"robots\" content=\"index, follow, max-snippet:-1, max-image-preview:large, max-video-preview:-1\" \/>\n<link rel=\"canonical\" href=\"https:\/\/shop.s-sal.de\/?product=sal-unternehmensgruppe-brotdose\" \/>\n<meta property=\"og:locale\" content=\"de_DE\" \/>\n<meta property=\"og:type\" content=\"article\" \/>\n<meta property=\"og:title\" content=\"SAL Unternehmensgruppe - Brotdose - SAL Shop\" \/>\n<meta property=\"og:description\" content=\"Werbe Produkt des Unternehmens Der sch\u00f6nste Moment des Schultages? Nat\u00fcrlich das Pausenfr\u00fchst\u00fcck! In dieser lebensmittelechten Box bleiben die belegten Brote besonders lange frisch. Die Brotdose passt in jede Tasche \u2013 ob Ranzen, Turnbeutel oder Wanderrucksack \u2013 und ist in verschiedenen Farben verf\u00fcgbar. Tipp: Von Hand sp\u00fclen verl\u00e4ngert die Haltbarkeit des Drucks. Aus kratz- und bruchfestem...\" \/>\n<meta property=\"og:url\" content=\"https:\/\/shop.s-sal.de\/?product=sal-unternehmensgruppe-brotdose\" \/>\n<meta property=\"og:site_name\" content=\"SAL Shop\" \/>\n<meta property=\"og:image\" content=\"https:\/\/shop.s-sal.de\/wp-content\/uploads\/sites\/7\/2025\/07\/1-6.png\" \/>\n\t<meta property=\"og:image:width\" content=\"1000\" \/>\n\t<meta property=\"og:image:height\" content=\"1000\" \/>\n\t<meta property=\"og:image:type\" content=\"image\/png\" \/>\n<meta name=\"twitter:card\" content=\"summary_large_image\" \/>\n<script type=\"application\/ld+json\" class=\"yoast-schema-graph\">{\"@context\":\"https:\\\/\\\/schema.org\",\"@graph\":[{\"@type\":\"WebPage\",\"@id\":\"https:\\\/\\\/shop.s-sal.de\\\/?product=sal-unternehmensgruppe-brotdose\",\"url\":\"https:\\\/\\\/shop.s-sal.de\\\/?product=sal-unternehmensgruppe-brotdose\",\"name\":\"SAL Unternehmensgruppe - Brotdose - SAL Shop\",\"isPartOf\":{\"@id\":\"https:\\\/\\\/shop.s-sal.de\\\/#website\"},\"primaryImageOfPage\":{\"@id\":\"https:\\\/\\\/shop.s-sal.de\\\/?product=sal-unternehmensgruppe-brotdose#primaryimage\"},\"image\":{\"@id\":\"https:\\\/\\\/shop.s-sal.de\\\/?product=sal-unternehmensgruppe-brotdose#primaryimage\"},\"thumbnailUrl\":\"https:\\\/\\\/shop.s-sal.de\\\/wp-content\\\/uploads\\\/sites\\\/7\\\/2025\\\/07\\\/1-6.png\",\"datePublished\":\"2025-07-09T04:40:03+00:00\",\"breadcrumb\":{\"@id\":\"https:\\\/\\\/shop.s-sal.de\\\/?product=sal-unternehmensgruppe-brotdose#breadcrumb\"},\"inLanguage\":\"de\",\"potentialAction\":[{\"@type\":\"ReadAction\",\"target\":[\"https:\\\/\\\/shop.s-sal.de\\\/?product=sal-unternehmensgruppe-brotdose\"]}]},{\"@type\":\"ImageObject\",\"inLanguage\":\"de\",\"@id\":\"https:\\\/\\\/shop.s-sal.de\\\/?product=sal-unternehmensgruppe-brotdose#primaryimage\",\"url\":\"https:\\\/\\\/shop.s-sal.de\\\/wp-content\\\/uploads\\\/sites\\\/7\\\/2025\\\/07\\\/1-6.png\",\"contentUrl\":\"https:\\\/\\\/shop.s-sal.de\\\/wp-content\\\/uploads\\\/sites\\\/7\\\/2025\\\/07\\\/1-6.png\",\"width\":1000,\"height\":1000},{\"@type\":\"BreadcrumbList\",\"@id\":\"https:\\\/\\\/shop.s-sal.de\\\/?product=sal-unternehmensgruppe-brotdose#breadcrumb\",\"itemListElement\":[{\"@type\":\"ListItem\",\"position\":1,\"name\":\"Startseite\",\"item\":\"https:\\\/\\\/shop.s-sal.de\\\/\"},{\"@type\":\"ListItem\",\"position\":2,\"name\":\"Shop\",\"item\":\"https:\\\/\\\/shop.s-sal.de\\\/\"},{\"@type\":\"ListItem\",\"position\":3,\"name\":\"SAL Unternehmensgruppe &#8211; Brotdose\"}]},{\"@type\":\"WebSite\",\"@id\":\"https:\\\/\\\/shop.s-sal.de\\\/#website\",\"url\":\"https:\\\/\\\/shop.s-sal.de\\\/\",\"name\":\"SAL Shop\",\"description\":\"Der Offiziele Shop der Sal Unternehmensgruppe\",\"publisher\":{\"@id\":\"https:\\\/\\\/shop.s-sal.de\\\/#organization\"},\"potentialAction\":[{\"@type\":\"SearchAction\",\"target\":{\"@type\":\"EntryPoint\",\"urlTemplate\":\"https:\\\/\\\/shop.s-sal.de\\\/?s={search_term_string}\"},\"query-input\":{\"@type\":\"PropertyValueSpecification\",\"valueRequired\":true,\"valueName\":\"search_term_string\"}}],\"inLanguage\":\"de\"},{\"@type\":\"Organization\",\"@id\":\"https:\\\/\\\/shop.s-sal.de\\\/#organization\",\"name\":\"SAL Shop\",\"url\":\"https:\\\/\\\/shop.s-sal.de\\\/\",\"logo\":{\"@type\":\"ImageObject\",\"inLanguage\":\"de\",\"@id\":\"https:\\\/\\\/shop.s-sal.de\\\/#\\\/schema\\\/logo\\\/image\\\/\",\"url\":\"https:\\\/\\\/shop.s-sal.de\\\/wp-content\\\/uploads\\\/sites\\\/7\\\/2025\\\/07\\\/cropped-cropped-sal-shop-logo.png\",\"contentUrl\":\"https:\\\/\\\/shop.s-sal.de\\\/wp-content\\\/uploads\\\/sites\\\/7\\\/2025\\\/07\\\/cropped-cropped-sal-shop-logo.png\",\"width\":511,\"height\":511,\"caption\":\"SAL Shop\"},\"image\":{\"@id\":\"https:\\\/\\\/shop.s-sal.de\\\/#\\\/schema\\\/logo\\\/image\\\/\"}}]}<\/script>\n<!-- \/ Yoast SEO plugin. -->","yoast_head_json":{"title":"SAL Unternehmensgruppe - Brotdose - SAL Shop","robots":{"index":"index","follow":"follow","max-snippet":"max-snippet:-1","max-image-preview":"max-image-preview:large","max-video-preview":"max-video-preview:-1"},"canonical":"https:\/\/shop.s-sal.de\/?product=sal-unternehmensgruppe-brotdose","og_locale":"de_DE","og_type":"article","og_title":"SAL Unternehmensgruppe - Brotdose - SAL Shop","og_description":"Werbe Produkt des Unternehmens Der sch\u00f6nste Moment des Schultages? Nat\u00fcrlich das Pausenfr\u00fchst\u00fcck! In dieser lebensmittelechten Box bleiben die belegten Brote besonders lange frisch. Die Brotdose passt in jede Tasche \u2013 ob Ranzen, Turnbeutel oder Wanderrucksack \u2013 und ist in verschiedenen Farben verf\u00fcgbar. Tipp: Von Hand sp\u00fclen verl\u00e4ngert die Haltbarkeit des Drucks. Aus kratz- und bruchfestem...","og_url":"https:\/\/shop.s-sal.de\/?product=sal-unternehmensgruppe-brotdose","og_site_name":"SAL Shop","og_image":[{"width":1000,"height":1000,"url":"https:\/\/shop.s-sal.de\/wp-content\/uploads\/sites\/7\/2025\/07\/1-6.png","type":"image\/png"}],"twitter_card":"summary_large_image","schema":{"@context":"https:\/\/schema.org","@graph":[{"@type":"WebPage","@id":"https:\/\/shop.s-sal.de\/?product=sal-unternehmensgruppe-brotdose","url":"https:\/\/shop.s-sal.de\/?product=sal-unternehmensgruppe-brotdose","name":"SAL Unternehmensgruppe - Brotdose - SAL Shop","isPartOf":{"@id":"https:\/\/shop.s-sal.de\/#website"},"primaryImageOfPage":{"@id":"https:\/\/shop.s-sal.de\/?product=sal-unternehmensgruppe-brotdose#primaryimage"},"image":{"@id":"https:\/\/shop.s-sal.de\/?product=sal-unternehmensgruppe-brotdose#primaryimage"},"thumbnailUrl":"https:\/\/shop.s-sal.de\/wp-content\/uploads\/sites\/7\/2025\/07\/1-6.png","datePublished":"2025-07-09T04:40:03+00:00","breadcrumb":{"@id":"https:\/\/shop.s-sal.de\/?product=sal-unternehmensgruppe-brotdose#breadcrumb"},"inLanguage":"de","potentialAction":[{"@type":"ReadAction","target":["https:\/\/shop.s-sal.de\/?product=sal-unternehmensgruppe-brotdose"]}]},{"@type":"ImageObject","inLanguage":"de","@id":"https:\/\/shop.s-sal.de\/?product=sal-unternehmensgruppe-brotdose#primaryimage","url":"https:\/\/shop.s-sal.de\/wp-content\/uploads\/sites\/7\/2025\/07\/1-6.png","contentUrl":"https:\/\/shop.s-sal.de\/wp-content\/uploads\/sites\/7\/2025\/07\/1-6.png","width":1000,"height":1000},{"@type":"BreadcrumbList","@id":"https:\/\/shop.s-sal.de\/?product=sal-unternehmensgruppe-brotdose#breadcrumb","itemListElement":[{"@type":"ListItem","position":1,"name":"Startseite","item":"https:\/\/shop.s-sal.de\/"},{"@type":"ListItem","position":2,"name":"Shop","item":"https:\/\/shop.s-sal.de\/"},{"@type":"ListItem","position":3,"name":"SAL Unternehmensgruppe &#8211; Brotdose"}]},{"@type":"WebSite","@id":"https:\/\/shop.s-sal.de\/#website","url":"https:\/\/shop.s-sal.de\/","name":"SAL Shop","description":"Der Offiziele Shop der Sal Unternehmensgruppe","publisher":{"@id":"https:\/\/shop.s-sal.de\/#organization"},"potentialAction":[{"@type":"SearchAction","target":{"@type":"EntryPoint","urlTemplate":"https:\/\/shop.s-sal.de\/?s={search_term_string}"},"query-input":{"@type":"PropertyValueSpecification","valueRequired":true,"valueName":"search_term_string"}}],"inLanguage":"de"},{"@type":"Organization","@id":"https:\/\/shop.s-sal.de\/#organization","name":"SAL Shop","url":"https:\/\/shop.s-sal.de\/","logo":{"@type":"ImageObject","inLanguage":"de","@id":"https:\/\/shop.s-sal.de\/#\/schema\/logo\/image\/","url":"https:\/\/shop.s-sal.de\/wp-content\/uploads\/sites\/7\/2025\/07\/cropped-cropped-sal-shop-logo.png","contentUrl":"https:\/\/shop.s-sal.de\/wp-content\/uploads\/sites\/7\/2025\/07\/cropped-cropped-sal-shop-logo.png","width":511,"height":511,"caption":"SAL Shop"},"image":{"@id":"https:\/\/shop.s-sal.de\/#\/schema\/logo\/image\/"}}]}},"jetpack_sharing_enabled":true,"_links":{"self":[{"href":"https:\/\/shop.s-sal.de\/index.php?rest_route=\/wp\/v2\/product\/146","targetHints":{"allow":["GET"]}}],"collection":[{"href":"https:\/\/shop.s-sal.de\/index.php?rest_route=\/wp\/v2\/product"}],"about":[{"href":"https:\/\/shop.s-sal.de\/index.php?rest_route=\/wp\/v2\/types\/product"}],"replies":[{"embeddable":true,"href":"https:\/\/shop.s-sal.de\/index.php?rest_route=%2Fwp%2Fv2%2Fcomments&post=146"}],"wp:featuredmedia":[{"embeddable":true,"href":"https:\/\/shop.s-sal.de\/index.php?rest_route=\/wp\/v2\/media\/145"}],"wp:attachment":[{"href":"https:\/\/shop.s-sal.de\/index.php?rest_route=%2Fwp%2Fv2%2Fmedia&parent=146"}],"wp:term":[{"taxonomy":"product_brand","embeddable":true,"href":"https:\/\/shop.s-sal.de\/index.php?rest_route=%2Fwp%2Fv2%2Fproduct_brand&post=146"},{"taxonomy":"product_cat","embeddable":true,"href":"https:\/\/shop.s-sal.de\/index.php?rest_route=%2Fwp%2Fv2%2Fproduct_cat&post=146"},{"taxonomy":"product_tag","embeddable":true,"href":"https:\/\/shop.s-sal.de\/index.php?rest_route=%2Fwp%2Fv2%2Fproduct_tag&post=146"}],"curies":[{"name":"wp","href":"https:\/\/api.w.org\/{rel}","templated":true}]}}